is the units digit of h(-14)?
3
Let z be (2/5)/((-2)/(-160)). Let q = 15 - 9. What is the units digit of (z/(-6))/((-2)/q)?
6
Let b = 146 - 104. Suppose r - 56 = -r - w, -r = 4*w - b. Suppose 3*x = x + r. What is the tens digit of x?
1
Suppose -6*k + 45 = -k. Let o be 1 - (2 - k/3). Suppose -q = -o*q + 15. What is the units digit of q?
5
Let f = -325 + 1060. What is the tens digit of f?
3
Let c(r) = -2*r - 7. Let g(a) = -a - 1. Let h(l) = c(l) - 4*g(l). Let p be h(-6). What is the units digit of 21/5 + 3/p?
4
Let d = 4 - 2. Suppose 0 = -y + n + 2, d*y + n - 5*n - 4 = 0. Let k = 27 - y. What is the units digit of k?
5
Suppose -5*p + 150 = 4*x, 4*x - 187 + 55 = 4*p. What is the tens digit of x?
3
Suppose 12*s = 21*s - 4032. What is the hundreds digit of s?
4
Let b be 8/(-28)*1*-7. Let p be -1*(b + -5) - -1. Suppose -3*c - k = -15, 9 = -3*c + p*k + 24. What is the units digit of c?
5
Suppose 4*c - 648 = 844. Suppose 4*s = -4*o - 9 + c, -3*o + 2*s + 273 = 0. What is the units digit of o?
1
Suppose -4*c + 5 + 3 = 0. Suppose b = -r - 0*r + 14, c*r - 28 = 2*b. Let g = -12 + r. What is the units digit of g?
2
What is the tens digit of 286 + 10/(-70)*-35?
9
Suppose -9 = 2*u + 11. Let q = -9 - u. What is the units digit of (-5)/q + 1 + 47?
3
Suppose 73*v = 88*v - 6795. What is the hundreds digit of v?
4
Let k = -1869 + 4237. What is the units digit of k?
8
Let i(c) = c**2 - 5*c - 4. Let j be i(-3). Suppose 4*o + 3*q - 2 = 19, -4*o + 2*q + 6 = 0. Suppose 19 + j = o*r. What is the tens digit of r?
1
Let r(m) = m**2 + 6*m - 4. Let k be r(-5). Let f = k + 8. What is the units digit of (f - 1) + -1 + 11?
8
Let u(s) = s**2 - 4*s + 65. Let y be (-6)/10 - 6/(-10). What is the tens digit of u(y)?
6
Let b = 105 - 12. Suppose -3*w + 93 = -b. What is the tens digit of w?
6
Suppose -86*o + 84*o = -240. What is the hundreds digit of o?
1
Let h be (2/(-2))/(2/(-116)). What is the tens digit of 1*(0 + -3) + h?
5
Let u(c) = 12*c - 20. Suppose -4*r + 8*r - 24 = 0. What is the units digit of u(r)?
2
Let h = 2008 + -1409. What is the units digit of h?
9
Let n = 63 - 38. Suppose -5*y - 85 = 5*v, 0*y + 2*y = 2. Let a = n + v. What is the units digit of a?
7
Let i be 32/7 - (-4)/(-7). Suppose -i*s + 3*v + v + 300 = 0, 0 = 3*s + 5*v - 249. What is the units digit of s?
8
Let i(z) = 3*z**2 + 2*z - 1. Let y be i(1). Let l be y + -7 + 6/2. Suppose l = -c + 5*c - 84. What is the units digit of c?
1
Suppose -5*l - d + 25 = 0, -2*l - l + 4*d - 8 = 0. Suppose 42 + 6 = l*j. Suppose 2*v - j = 24. What is the units digit of v?
8
Let p(u) = -u - 12. Let j be p(-16). Let k be j/10 - (-30)/50. What is the units digit of (-740)/(-24) + k/6?
1
Let p be (1 - 4)*((-5)/3 + 1). Suppose -p*i + 121 = -69. What is the tens digit of i?
9
Let o(t) = -t**3 + 3*t**2 + 3*t + 2. Let b be o(4). Let p be 0/(3 - (3 + b)). Suppose p = 15*r - 20*r + 290. What is the tens digit of r?
5
Let z be 2 + 2 + 3/1. Suppose -z = g - 3, x - 3 = -g. What is the units digit of x?
7
Let v(w) be the third derivative of -13*w**5/20 + w**4/24 - w**3/3 - 5*w**2. Let b be v(2). What is the tens digit of 2/(-5) - b/15?
1
Suppose 28 + 29 = 3*s. Suppose s = j - 4*q, -4*j + 0*q + 104 = -2*q. What is the units digit of (-136)/(-6) - 18/j?
2
Let b(t) = 622*t - 150. What is the tens digit of b(3)?
1
Let n(b) = -5 + 7 + 31*b - 20*b + 5*b**2. What is the units digit of n(-5)?
2
Let i = 1668 - -1267. What is the tens digit of i?
3
Let r = 631 - 302. What is the units digit of r?
9
What is the tens digit of 8/3*418521/244?
7
Suppose 13*v - 26975 = 221. What is the thousands digit of v?
2
Let x = -21 - -15. Let c(h) = -h**3 - 4*h**2 + 8*h + 8. What is the tens digit of c(x)?
3
Let l(q) = q**2 - 6*q - 4. Let d be l(7). What is the tens digit of (-3 - (-282)/9 - -2)*d?
9
Suppose 0*a + 4*a - 4*r - 1116 = 0, -4*a - 3*r = -1137. Let f = a + -175. Suppose 0 = 5*c - f + 7. What is the units digit of c?
0
Let h(o) = -3*o + 13. Let y be h(-12). Suppose 4*w = 31 + 1. Suppose y = t + w. What is the units digit of t?
1
Suppose 10*b + 702 - 14112 = 0. What is the tens digit of b?
4
Let c(p) = -p**2 - 3*p - 1. Let w(x) = -3*x**2 - 8*x - 2. Let q(g) = -7*c(g) + 2*w(g). What is the units digit of q(-8)?
7
Let p be (3/(-5 - -2) - 0)*-7. Suppose 2*z + 730 = p*z. What is the hundreds digit of z?
1
What is the tens digit of ((-6330)/(-50) - 14)/((-2)/(-20))?
2
Let n be 2 + 1*-1 - -1. Let p = 708 - 650. Suppose -3*f + 38 = -f - n*c, p = 3*f - 2*c. What is the units digit of f?
0
What is the hundreds digit of (6332 - (-12 - -4))/4?
5
Let u = -79 - -84. What is the tens digit of (-37 + -1)/((-1)/u)?
9
Suppose -30*y + 67504 = -10226. What is the hundreds digit of y?
5
Let t(h) = h**2 + 2*h - 6. Suppose 4*d = d - 18. Let u = d + 0. What is the units digit of t(u)?
8
Suppose 6 = 2*n, -63 = 3*l - 2*n + 12. Let a = 30 + l. What is the units digit of a + (-1 - -1) + 0?
7
Suppose -3*g = -37 - 41. Let x be g/4 + (-6)/12. Let u(m) = -m**3 + 7*m**2 - 7*m + 8. What is the units digit of u(x)?
2
Suppose t = 3 + 3. Suppose -t = -3*x + 6. Suppose 3*n - 42 = x*j, -n + 16 + 8 = 2*j. What is the units digit of n?
8
What is the tens digit of -4 + 82 - (-7 + 0)?
8
Let i = 36 - 31. What is the tens digit of (-5)/i - (-4 - 66)?
6
Let p(r) = -r**2 - 7*r - 8. Let l be p(-5). Suppose -l*g + 53 = -5*d, -4*g - 2*d + 70 = -0*g. What is the units digit of g?
9
Let v(l) = l - 6. Let t be v(5). Let m(r) = -11*r. What is the units digit of m(t)?
1
Let c = 26 - -22. Let j = 169 - c. What is the tens digit of j?
2
Let r(l) = -l + 2. Let u be r(0). Suppose 2*f - f - h = 86, -u*h - 2 = 0. Let g = 120 - f. What is the tens digit of g?
3
Let b = 444 - -154. What is the units digit of b?
8
Let q be (-6)/27 - ((-195)/27 + 4). Suppose -6*f = q*f - 2601. What is the hundreds digit of f?
2
Let o = 5383 + -2172. What is the units digit of o?
1
Suppose 0 = -5*r - 5 - 40. Let v = r - -14. Let u = v + 5. What is the tens digit of u?
1
Suppose 82*b + 2298 = 85*b. What is the tens digit of b?
6
Let l(q) = -q - 14. Let o be l(-7). Let g(n) = -11*n + 27. What is the tens digit of g(o)?
0
Suppose 59*c - 335752 + 59573 = 0. What is the hundreds digit of c?
6
Let d = -7 - -9. Let n(h) = -2*h**2 + 3*h. Let m be n(d). What is the tens digit of 11/1*(-4)/m?
2
What is the units digit of 2465*((-9)/60)/((-11)/44)?
9
Let w(h) = -6*h**3 + 7*h**2 - 4*h - 28. What is the units digit of w(-7)?
1
Let v(w) = 3*w**3 + 5*w**2 + 9*w - 17. What is the hundreds digit of v(8)?
9
What is the units digit of (-8 + 5)*(-2 - (-1224)/(-2))?
2
What is the tens digit of -10*(1 - 3470/20)?
2
Let i = 122 - 81. Let g = -23 + i. Suppose -c - 8 = -g. What is the tens digit of c?
1
Let g(f) = -2*f**3 - 4*f**2 - 22*f - 5. What is the units digit of g(-5)?
5
Let y(i) = -16*i + 13*i + 14 + 9*i + 3*i**2. What is the units digit of y(-6)?
6
Let w = -12 + 61. Suppose -3*x = 4*a + 75, 0 = 4*x + 5*a - 37 + 137. Let d = x + w. What is the units digit of d?
4
Suppose 0 = -4*w + 1833 + 1283. What is the tens digit of w?
7
What is the units digit of (-44649)/(-41) - (8 + 1)?
0
Suppose r + 0*r - 4 = 0, 5*u - 22220 = -5*r. What is the thousands digit of u?
4
Let w(r) = 10*r - 98. What is the units digit of w(17)?
2
Let i = 887 - 1275. What is the units digit of 3*i/(-12) + -1?
6
Let c(d) = -12*d - 2. Let x be c(-2). Suppose 4*y = t - 3 + x, -2*t = -5*y + 26. Suppose y*n - 172 = -0*n. What is the units digit of n?
3
Let t = 10256 + -7265. What is the hundreds digit of t?
9
Let y(o) = 3*o - 4. Suppose 12 = 4*c + z, -3*c - 5*z + 4 + 5 = 0. What is the units digit of y(c)?
5
Suppose 2*y + 20 = 7*y. Let r(i) = -i**2 + i + 2. Let g be r(2). Suppose g*z = -z - 3*c + 2, -4*z = -y*c - 40. What is the units digit of z?
8
Suppose -4*i = i - 5. Let x(d) = 87*d**3 + 2*d - 1. What is the tens digit of x(i)?
8
Let n = -1656 - -1836. What is the units digit of n?
0
Let l = 3082 - 1964. What is the tens digit of l?
1
Let b = -1385 - -1957. What is the units digit of b?
2
What is the hundreds digit of -3*(-5 - (-3724)/(-21))?
5
Suppose -16 = -0*w - 4*w, 2*y - w = -452. Let s = 403 + y. What is the hundreds digit of s?
1
Suppose 12 = 2*s + 4*s. Let g = 7 + -5. Suppose -3*i - 88 = -g*o, -198 = o - 6*o + s*i. What is the units digit of o?
8
Let x be 5/10 + (-6)/(-4). Let u(h